Is 78118523 a prime number?
False
Is 295140701 a prime number?
True
Is 1376849 a prime number?
False
Is 9180509 composite?
True
Is 9201617 prime?
False
Is 201440353 a composite number?
False
Is 75387743 a prime number?
True
Is 289198507 a prime number?
False
Is 89381671 a composite number?
False
Is 74234581 composite?
False
Is 72119777 composite?
False
Is 6526987 prime?
False
Is 22938247 composite?
False
Is 2406767 prime?
False
Is 563481419 composite?
True
Is 95274503 prime?
True
Is 204636031 composite?
True
Is 336175261 composite?
False
Is 18990791 prime?
False
Is 73667642 a composite number?
True
Is 7034473 prime?
True
Is 22157383 composite?
True
Is 43511021 a composite number?
False
Is 99783191 a composite number?
True
Is 1925809 a composite number?
True
Is 9448211 prime?
False
Is 4386377 composite?
True
Is 26720437 a composite number?
True
Is 43131471 a prime number?
False
Is 7201049 composite?
False
Is 69202649 a prime number?
True
Is 495371 a composite number?
False
Is 260267 a prime number?
False
Is 180000877 composite?
True
Is 3256621 a prime number?
True
Is 847339 prime?
True
Is 3882827 composite?
True
Is 15590813 a prime number?
False
Is 70922909 prime?
True
Is 243417169 prime?
False
Is 4220103 a prime number?
False
Is 2327087 a prime number?
False
Is 31403969 a prime number?
True
Is 72475483 prime?
True
Is 262621445 a prime number?
False
Is 17281349 composite?
True
Is 29506099 a prime number?
False
Is 7236457 a prime number?
False
Is 86472601 a composite number?
False
Is 51605909 composite?
False
Is 1153403 a prime number?
False
Is 19842769 prime?
False
Is 18744226 composite?
True
Is 490610749 prime?
True
Is 663716213 a prime number?
True
Is 23740373 a prime number?
True
Is 5370411 prime?
False
Is 798961 composite?
False
Is 2502937 a composite number?
False
Is 55926739 a prime number?
False
Is 62801 a composite number?
False
Is 684583 a prime number?
False
Is 4601239 prime?
True
Is 753811 a composite number?
False
Is 589357 a composite number?
False
Is 400559 prime?
True
Is 47204021 a composite number?
False
Is 134590961 a composite number?
False
Is 192371281 a prime number?
True
Is 11883353 prime?
True
Is 128972111 a prime number?
True
Is 15692939 prime?
False
Is 4102781 a composite number?
True
Is 916147 a composite number?
True
Is 254995517 a composite number?
True
Is 778631447 a composite number?
True
Is 31583857 a composite number?
False
Is 582173 composite?
False
Is 7252559 prime?
True
Is 2900531 prime?
False
Is 18923987 a composite number?
False
Is 58235729 prime?
True
Is 3675557 composite?
True
Is 2389921 prime?
True
Is 44277911 a prime number?
False
Is 1905899 prime?
True
Is 409207 composite?
True
Is 25293887 a prime number?
False
Is 3128687 prime?
True
Is 61344053 prime?
False
Is 43891723 a composite number?
False
Is 15451343 a composite number?
True
Is 7093049 a prime number?
True
Is 974447 a composite number?
True
Is 92159611 a prime number?
True
Is 30943454 composite?
True
Is 78530911 a composite number?
False
Is 9586253 a prime number?
False
Is 58882687 composite?
False
Is 326914431 a composite number?
True
Is 20163469 a composite number?
False
Is 1826354 a composite number?
True
Is 832907 a prime number?
False
Is 172493497 prime?
False
Is 18550447 prime?
True
Is 6565609 composite?
False
Is 13009317 a composite number?
True
Is 130703 composite?
True
Is 203961 a composite number?
True
Is 1577986 prime?
False
Is 157024157 prime?
True
Is 4274617 a prime number?
False
Is 1521421 composite?
True
Is 461639 a composite number?
False
Is 28375433 a prime number?
False
Is 68878301 composite?
False
Is 5234983 a prime number?
False
Is 68492057 a composite number?
False
Is 1525157 prime?
True
Is 709313 a prime number?
False
Is 9280951 a prime number?
True
Is 108743617 composite?
False
Is 2924428105 a prime number?
False
Is 33444794 prime?
False
Is 154487 composite?
False
Is 124212859 a composite number?
False
Is 1375937 a composite number?
False
Is 794761 prime?
False
Is 3715561 composite?
False
Is 1736173 prime?
True
Is 3698549 a composite number?
True
Is 400700927 a composite number?
True
Is 72115441 prime?
True
Is 4320437 composite?
True
Is 11506679 a prime number?
True
Is 101236439 a prime number?
True
Is 46149497 prime?
True
Is 85241477 composite?
True
Is 10180549 composite?
False
Is 2425769 a composite number?
False
Is 135003751 a prime number?
True
Is 103634842 a composite number?
True
Is 286147 a composite number?
True
Is 665209493 a composite number?
True
Is 16242053 prime?
True
Is 4995149 prime?
False
Is 35143217 a prime number?
False
Is 9486481 composite?
False
Is 4137521 a composite number?
True
Is 49209935 a composite number?
True
Is 18444823 a prime number?
True
Is 4028987 a prime number?
True
Is 3986263 a prime number?
True
Is 24502598 a prime number?
False
Is 70653959 a composite number?
False
Is 8460703 a prime number?
False
Is 1870577 prime?
True
Is 657353 prime?
False
Is 3429403 composite?
False
Is 16981243 composite?
False
Is 683161 composite?
True
Is 14051159 prime?
True
Is 433429 a composite number?
False
Is 37549801 composite?
False
Is 7208113 prime?
False
Is 104016923 a prime number?
True
Is 27840963 prime?
False
Is 144745319 a prime number?
True
Is 801517 prime?
True
Is 4078499 a prime number?
False
Is 41963071 composite?
False
Is 109321603 a composite number?
True
Is 539993 a composite number?
False
Is 8399917 composite?
True
Is 550047761 a composite number?
False
Is 11494435 a composite number?
True
Is 18694523 prime?
False
Is 37101253 composite?
True
Is 10432613 composite?
False
Is 27084191 prime?
True
Is 185412763 composite?
True
Is 914213 a prime number?
True
Is 437849 prime?
True
Is 11629367 composite?
False
Is 9719503 a composite number?
True
Is 4584457 prime?
True
Is 2922167 composite?
False
Is 13096823 composite?
False
Is 2662547 a composite number?
False
Is 82057726 a prime number?
False
Is 571926713 a prime number?
True
Is 620327 prime?
False
Is 2437121 a composite number?
False
Is 1027835849 composite?
False
Is 2358359 a prime number?
False
Is 178602973 prime?
True
Is 22217117 prime?
False
Is 4353953 a prime number?
False
Is 141789341 prime?
False
Is 14192131 a composite number?
False
Is 20063039 a prime number?
True
Is 222105109 prime?
True
Is 6090085 prime?
False
Is 805687 composite?
False
Is 7296031 composite?
True
Is 41665321 a prime number?
True
Is 1766617 a prime number?
True
Is 144354709 a composite number?
False
Is 33347969 a composite number?
False
Is 9977245 prime?
False
Is 259719 a prime number?
False
Is 6202279 a composite number?
True
Is 610457 a prime number?
True
Is 1127837 a prime number?
True
Is 8166247 composite?
True
Is 2710483 a prime number?
False
Is 26283151 a composite number?
False
Is 2487203 prime?
True
Is 255353801 a prime number?
False
Is 8012258 prime?
False
Is 13419067 a composite number?
False
Is 6231131 prime?
True
Is 5641529 a composite number?
False
Is 14635009 prime?
False
Is 6717223 composite?
False
Is 84263 composite?
False
Is 15135917 a composite number?
False
Is 7177531 a prime number?
True
Is 14575181 a prime number?
True
Is 169981727 composite?
False
Is 2815877 composite?
False
Is 441923 a composite number?
False
Is 365559767 composite?
False
Is 14922931 a prime number?
False
Is 6496307 composite?
False
Is 3012631 a prime number?
False
Is 557593 composite?
True
Is 788521 prime?
True
Is 3355057 prime?
True
Is 18542357 composite?
False
Is 151536079 composite?
True
Is 357925427 prime?
True
Is 5929169 a composite number?
False
Is 17204043 a prime number?
False
Is 43597691 prime?
True
Is 3811469 prime?
True
Is 32592569 a composite number?
False
Is 190313 prime?
True
Is 551689 composite?
False
Is 12062657 a composite number?
True
Is 936827 composite?
False
Is 2724329 a composite number?
False
Is 366677 a composite number?
False
Is 2786239 prime?
False
Is 54246737 prime?
False
Is 4147357 composite?
False
Is 24947327 a composite number?
False
Is 53197351 a prime number?
False
Is 4051261 prime?
True
Is 2323457 a composite number?
False
Is 61761979 composite?
True
Is 23121069 a composite number?
True
Is 33065069 a prime number?
False
Is 23869723 a prime number?
True
Is 37344737 prime?
True
Is 184043837 composite?
False
Is 4903511 composite?
True
Is 2884897 comp